{"id":848,"date":"2023-02-01T11:42:39","date_gmt":"2023-02-01T14:42:39","guid":{"rendered":"http:\/\/revendoparadigmas.com.br\/?page_id=848"},"modified":"2023-02-01T16:33:35","modified_gmt":"2023-02-01T19:33:35","slug":"blog","status":"publish","type":"page","link":"https:\/\/revendoparadigmas.com.br\/?page_id=848","title":{"rendered":"Mundo Vasto Mundo"},"content":{"rendered":"\t\t<div data-elementor-type=\"wp-page\" data-elementor-id=\"848\" class=\"elementor elementor-848\">\n\t\t\t\t\t\t\t\t\t<section class=\"elementor-section elementor-top-section elementor-element elementor-element-99ff5a9 elementor-section-height-min-height elementor-section-stretched elementor-section-boxed elementor-section-height-default elementor-section-items-middle\" data-id=\"99ff5a9\" data-element_type=\"section\" data-settings=\"{&quot;background_background&quot;:&quot;classic&quot;,&quot;shape_divider_bottom&quot;:&quot;triangle-asymmetrical&quot;,&quot;stretch_section&quot;:&quot;section-stretched&quot;}\">\n\t\t\t\t\t\t\t<div class=\"elementor-background-overlay\"><\/div>\n\t\t\t\t\t\t<div class=\"elementor-shape elementor-shape-bottom\" data-negative=\"false\">\n\t\t\t<svg xmlns=\"http:\/\/www.w3.org\/2000\/svg\" viewBox=\"0 0 1000 100\" preserveAspectRatio=\"none\">\n\t<path class=\"elementor-shape-fill\" d=\"M738,99l262-93V0H0v5.6L738,99z\"\/>\n<\/svg>\t\t<\/div>\n\t\t\t\t\t<div class=\"elementor-container elementor-column-gap-default\">\n\t\t\t\t\t<div class=\"elementor-column elementor-col-100 elementor-top-column elementor-element elementor-element-ab830ca\" data-id=\"ab830ca\" data-element_type=\"column\">\n\t\t\t<div class=\"elementor-widget-wrap elementor-element-populated\">\n\t\t\t\t\t\t\t\t<div class=\"elementor-element elementor-element-1b64212 elementor-invisible elementor-widget elementor-widget-heading\" data-id=\"1b64212\" data-element_type=\"widget\" data-settings=\"{&quot;_animation&quot;:&quot;fadeIn&quot;}\" data-widget_type=\"heading.default\">\n\t\t\t\t<div class=\"elementor-widget-container\">\n\t\t\t<style>\/*! elementor - v3.17.0 - 08-11-2023 *\/\n.elementor-heading-title{padding:0;margin:0;line-height:1}.elementor-widget-heading .elementor-heading-title[class*=elementor-size-]>a{color:inherit;font-size:inherit;line-height:inherit}.elementor-widget-heading .elementor-heading-title.elementor-size-small{font-size:15px}.elementor-widget-heading .elementor-heading-title.elementor-size-medium{font-size:19px}.elementor-widget-heading .elementor-heading-title.elementor-size-large{font-size:29px}.elementor-widget-heading .elementor-heading-title.elementor-size-xl{font-size:39px}.elementor-widget-heading .elementor-heading-title.elementor-size-xxl{font-size:59px}<\/style><h1 class=\"elementor-heading-title elementor-size-default\">Mundo Vasto Mundo<\/h1>\t\t<\/div>\n\t\t\t\t<\/div>\n\t\t\t\t\t<\/div>\n\t\t<\/div>\n\t\t\t\t\t\t\t<\/div>\n\t\t<\/section>\n\t\t\t\t<section class=\"elementor-section elementor-top-section elementor-element elementor-element-1beb45a elementor-section-height-min-height elementor-section-full_width elementor-section-height-default elementor-section-items-middle elementor-invisible\" data-id=\"1beb45a\" data-element_type=\"section\" data-settings=\"{&quot;animation&quot;:&quot;fadeInDown&quot;}\">\n\t\t\t\t\t\t<div class=\"elementor-container elementor-column-gap-default\">\n\t\t\t\t\t<div class=\"elementor-column elementor-col-100 elementor-top-column elementor-element elementor-element-60ed042\" data-id=\"60ed042\" data-element_type=\"column\">\n\t\t\t<div class=\"elementor-widget-wrap elementor-element-populated\">\n\t\t\t\t\t\t\t\t<div class=\"elementor-element elementor-element-61b6455 elementor-grid-eael-col-3 elementor-grid-tablet-eael-col-2 elementor-grid-mobile-eael-col-1 elementor-widget elementor-widget-eael-post-grid\" data-id=\"61b6455\" data-element_type=\"widget\" data-settings=\"{&quot;eael_post_grid_columns&quot;:&quot;eael-col-3&quot;,&quot;eael_post_grid_columns_tablet&quot;:&quot;eael-col-2&quot;,&quot;eael_post_grid_columns_mobile&quot;:&quot;eael-col-1&quot;}\" data-widget_type=\"eael-post-grid.default\">\n\t\t\t\t<div class=\"elementor-widget-container\">\n\t\t\t<div id=\"eael-post-grid-61b6455\" class=\"eael-post-grid-container\">\n            <div class=\"eael-post-grid eael-post-appender eael-post-appender-61b6455 eael-post-grid-style-three\" data-layout-mode=\"masonry\"><article class=\"eael-grid-post eael-post-grid-column\" data-id=\"773\">\n        <div class=\"eael-grid-post-holder\">\n            <div class=\"eael-grid-post-holder-inner\"><div class=\"eael-entry-media\"><div class=\"eael-entry-overlay fade-in\"><i class=\"fas fa-long-arrow-alt-right\" aria-hidden=\"true\"><\/i><a href=\"https:\/\/revendoparadigmas.com.br\/?p=773\"><\/a><\/div><div class=\"eael-entry-thumbnail \">\n                 <img decoding=\"async\" width=\"300\" height=\"300\" src=\"https:\/\/revendoparadigmas.com.br\/wp-content\/uploads\/2023\/01\/Imagem-de-olho-1-300x300.jpg\" class=\"attachment-post-thumbnail size-post-thumbnail wp-image-774\" alt=\"\" srcset=\"https:\/\/revendoparadigmas.com.br\/wp-content\/uploads\/2023\/01\/Imagem-de-olho-1-300x300.jpg 300w, https:\/\/revendoparadigmas.com.br\/wp-content\/uploads\/2023\/01\/Imagem-de-olho-1-150x150.jpg 150w\" sizes=\"(max-width: 300px) 100vw, 300px\" \/>\n             <\/div>\n        <\/div><div class=\"eael-entry-wrapper\"><header class=\"eael-entry-header\"><h1 class=\"eael-entry-title\"><a\n                        class=\"eael-grid-post-link\"\n                        href=\"https:\/\/revendoparadigmas.com.br\/?p=773\"\n                        title=\"De olho na informa\u00e7\u00e3o:\">De olho na informa\u00e7\u00e3o:<\/a><\/h1><\/header><div class=\"eael-entry-meta\"><span class=\"eael-posted-by\"><a href=\"https:\/\/revendoparadigmas.com.br\/?author=1\" title=\"Posts by Caminho do Sol\" rel=\"author\">Caminho do Sol<\/a><\/span><\/div><\/div><\/div>\n        <\/div>\n    <\/article><article class=\"eael-grid-post eael-post-grid-column\" data-id=\"814\">\n        <div class=\"eael-grid-post-holder\">\n            <div class=\"eael-grid-post-holder-inner\"><div class=\"eael-entry-media\"><div class=\"eael-entry-overlay fade-in\"><i class=\"fas fa-long-arrow-alt-right\" aria-hidden=\"true\"><\/i><a href=\"https:\/\/revendoparadigmas.com.br\/?p=814\"><\/a><\/div><div class=\"eael-entry-thumbnail \">\n                 <img decoding=\"async\" width=\"300\" height=\"300\" src=\"https:\/\/revendoparadigmas.com.br\/wp-content\/uploads\/2023\/01\/Pare-de-se-sabotar-300x300.jpg\" class=\"attachment-post-thumbnail size-post-thumbnail wp-image-815\" alt=\"\" srcset=\"https:\/\/revendoparadigmas.com.br\/wp-content\/uploads\/2023\/01\/Pare-de-se-sabotar-300x300.jpg 300w, https:\/\/revendoparadigmas.com.br\/wp-content\/uploads\/2023\/01\/Pare-de-se-sabotar-150x150.jpg 150w\" sizes=\"(max-width: 300px) 100vw, 300px\" \/>\n             <\/div>\n        <\/div><div class=\"eael-entry-wrapper\"><header class=\"eael-entry-header\"><h1 class=\"eael-entry-title\"><a\n                        class=\"eael-grid-post-link\"\n                        href=\"https:\/\/revendoparadigmas.com.br\/?p=814\"\n                        title=\"Pare de se sabotar\">Pare de se sabotar<\/a><\/h1><\/header><div class=\"eael-entry-meta\"><span class=\"eael-posted-by\"><a href=\"https:\/\/revendoparadigmas.com.br\/?author=1\" title=\"Posts by Caminho do Sol\" rel=\"author\">Caminho do Sol<\/a><\/span><\/div><\/div><\/div>\n        <\/div>\n    <\/article><article class=\"eael-grid-post eael-post-grid-column\" data-id=\"817\">\n        <div class=\"eael-grid-post-holder\">\n            <div class=\"eael-grid-post-holder-inner\"><div class=\"eael-entry-media\"><div class=\"eael-entry-overlay fade-in\"><i class=\"fas fa-long-arrow-alt-right\" aria-hidden=\"true\"><\/i><a href=\"https:\/\/revendoparadigmas.com.br\/?p=817\"><\/a><\/div><div class=\"eael-entry-thumbnail \">\n                 <img decoding=\"async\" width=\"300\" height=\"300\" src=\"https:\/\/revendoparadigmas.com.br\/wp-content\/uploads\/2023\/01\/Voce-nao-precisa-de-mascara-300x300.jpg\" class=\"attachment-post-thumbnail size-post-thumbnail wp-image-818\" alt=\"\" srcset=\"https:\/\/revendoparadigmas.com.br\/wp-content\/uploads\/2023\/01\/Voce-nao-precisa-de-mascara-300x300.jpg 300w, https:\/\/revendoparadigmas.com.br\/wp-content\/uploads\/2023\/01\/Voce-nao-precisa-de-mascara-150x150.jpg 150w\" sizes=\"(max-width: 300px) 100vw, 300px\" \/>\n             <\/div>\n        <\/div><div class=\"eael-entry-wrapper\"><header class=\"eael-entry-header\"><h1 class=\"eael-entry-title\"><a\n                        class=\"eael-grid-post-link\"\n                        href=\"https:\/\/revendoparadigmas.com.br\/?p=817\"\n                        title=\"Retire sua m\u00e1scara e vamos \u00e0 reflex\u00e3o.\">Retire sua m\u00e1scara e vamos \u00e0 reflex\u00e3o.<\/a><\/h1><\/header><div class=\"eael-entry-meta\"><span class=\"eael-posted-by\"><a href=\"https:\/\/revendoparadigmas.com.br\/?author=1\" title=\"Posts by Caminho do Sol\" rel=\"author\">Caminho do Sol<\/a><\/span><\/div><\/div><\/div>\n        <\/div>\n    <\/article><\/div>\n            <div class=\"clearfix\"><\/div>\n        <\/div>\t\t<\/div>\n\t\t\t\t<\/div>\n\t\t\t\t\t<\/div>\n\t\t<\/div>\n\t\t\t\t\t\t\t<\/div>\n\t\t<\/section>\n\t\t\t\t\t\t\t<\/div>\n\t\t","protected":false},"excerpt":{"rendered":"<p>Mundo Vasto Mundo De olho na informa\u00e7\u00e3o: Caminho do Sol Pare de se sabotar Caminho do Sol Retire sua m\u00e1scara e vamos \u00e0 reflex\u00e3o. Caminho do&hellip;<\/p>\n","protected":false},"author":1,"featured_media":0,"parent":0,"menu_order":0,"comment_status":"closed","ping_status":"closed","template":"","meta":{"_eb_attr":"","footnotes":""},"class_list":["post-848","page","type-page","status-publish","hentry"],"yoast_head":"<!-- This site is optimized with the Yoast SEO plugin v20.0 - https:\/\/yoast.com\/wordpress\/plugins\/seo\/ -->\n<title>Mundo Vasto Mundo - Caminho do Sol<\/title>\n<meta name=\"robots\" content=\"index, follow, max-snippet:-1, max-image-preview:large, max-video-preview:-1\" \/>\n<link rel=\"canonical\" href=\"https:\/\/revendoparadigmas.com.br\/?page_id=848\" \/>\n<meta property=\"og:locale\" content=\"en_US\" \/>\n<meta property=\"og:type\" content=\"article\" \/>\n<meta property=\"og:title\" content=\"Mundo Vasto Mundo - Caminho do Sol\" \/>\n<meta property=\"og:description\" content=\"Mundo Vasto Mundo De olho na informa\u00e7\u00e3o: Caminho do Sol Pare de se sabotar Caminho do Sol Retire sua m\u00e1scara e vamos \u00e0 reflex\u00e3o. Caminho do&hellip;\" \/>\n<meta property=\"og:url\" content=\"https:\/\/revendoparadigmas.com.br\/?page_id=848\" \/>\n<meta property=\"og:site_name\" content=\"Caminho do Sol\" \/>\n<meta property=\"article:modified_time\" content=\"2023-02-01T19:33:35+00:00\" \/>\n<meta property=\"og:image\" content=\"http:\/\/revendoparadigmas.com.br\/wp-content\/uploads\/2023\/01\/Imagem-de-olho-1-300x300.jpg\" \/>\n<meta name=\"twitter:card\" content=\"summary_large_image\" \/>\n<meta name=\"twitter:label1\" content=\"Est. reading time\" \/>\n\t<meta name=\"twitter:data1\" content=\"2 minutes\" \/>\n<script type=\"application\/ld+json\" class=\"yoast-schema-graph\">{\"@context\":\"https:\/\/schema.org\",\"@graph\":[{\"@type\":\"WebPage\",\"@id\":\"https:\/\/revendoparadigmas.com.br\/?page_id=848\",\"url\":\"https:\/\/revendoparadigmas.com.br\/?page_id=848\",\"name\":\"Mundo Vasto Mundo - Caminho do Sol\",\"isPartOf\":{\"@id\":\"http:\/\/revendoparadigmas.com.br\/#website\"},\"datePublished\":\"2023-02-01T14:42:39+00:00\",\"dateModified\":\"2023-02-01T19:33:35+00:00\",\"breadcrumb\":{\"@id\":\"https:\/\/revendoparadigmas.com.br\/?page_id=848#breadcrumb\"},\"inLanguage\":\"en-US\",\"potentialAction\":[{\"@type\":\"ReadAction\",\"target\":[\"https:\/\/revendoparadigmas.com.br\/?page_id=848\"]}]},{\"@type\":\"BreadcrumbList\",\"@id\":\"https:\/\/revendoparadigmas.com.br\/?page_id=848#breadcrumb\",\"itemListElement\":[{\"@type\":\"ListItem\",\"position\":1,\"name\":\"In\u00edcio\",\"item\":\"http:\/\/revendoparadigmas.com.br\/\"},{\"@type\":\"ListItem\",\"position\":2,\"name\":\"Mundo Vasto Mundo\"}]},{\"@type\":\"WebSite\",\"@id\":\"http:\/\/revendoparadigmas.com.br\/#website\",\"url\":\"http:\/\/revendoparadigmas.com.br\/\",\"name\":\"Caminho do Sol\",\"description\":\"S\u00f3 mais um site WordPress\",\"potentialAction\":[{\"@type\":\"SearchAction\",\"target\":{\"@type\":\"EntryPoint\",\"urlTemplate\":\"http:\/\/revendoparadigmas.com.br\/?s={search_term_string}\"},\"query-input\":\"required name=search_term_string\"}],\"inLanguage\":\"en-US\"}]}<\/script>\n<!-- \/ Yoast SEO plugin. -->","yoast_head_json":{"title":"Mundo Vasto Mundo - Caminho do Sol","robots":{"index":"index","follow":"follow","max-snippet":"max-snippet:-1","max-image-preview":"max-image-preview:large","max-video-preview":"max-video-preview:-1"},"canonical":"https:\/\/revendoparadigmas.com.br\/?page_id=848","og_locale":"en_US","og_type":"article","og_title":"Mundo Vasto Mundo - Caminho do Sol","og_description":"Mundo Vasto Mundo De olho na informa\u00e7\u00e3o: Caminho do Sol Pare de se sabotar Caminho do Sol Retire sua m\u00e1scara e vamos \u00e0 reflex\u00e3o. Caminho do&hellip;","og_url":"https:\/\/revendoparadigmas.com.br\/?page_id=848","og_site_name":"Caminho do Sol","article_modified_time":"2023-02-01T19:33:35+00:00","og_image":[{"url":"http:\/\/revendoparadigmas.com.br\/wp-content\/uploads\/2023\/01\/Imagem-de-olho-1-300x300.jpg"}],"twitter_card":"summary_large_image","twitter_misc":{"Est. reading time":"2 minutes"},"schema":{"@context":"https:\/\/schema.org","@graph":[{"@type":"WebPage","@id":"https:\/\/revendoparadigmas.com.br\/?page_id=848","url":"https:\/\/revendoparadigmas.com.br\/?page_id=848","name":"Mundo Vasto Mundo - Caminho do Sol","isPartOf":{"@id":"http:\/\/revendoparadigmas.com.br\/#website"},"datePublished":"2023-02-01T14:42:39+00:00","dateModified":"2023-02-01T19:33:35+00:00","breadcrumb":{"@id":"https:\/\/revendoparadigmas.com.br\/?page_id=848#breadcrumb"},"inLanguage":"en-US","potentialAction":[{"@type":"ReadAction","target":["https:\/\/revendoparadigmas.com.br\/?page_id=848"]}]},{"@type":"BreadcrumbList","@id":"https:\/\/revendoparadigmas.com.br\/?page_id=848#breadcrumb","itemListElement":[{"@type":"ListItem","position":1,"name":"In\u00edcio","item":"http:\/\/revendoparadigmas.com.br\/"},{"@type":"ListItem","position":2,"name":"Mundo Vasto Mundo"}]},{"@type":"WebSite","@id":"http:\/\/revendoparadigmas.com.br\/#website","url":"http:\/\/revendoparadigmas.com.br\/","name":"Caminho do Sol","description":"S\u00f3 mais um site WordPress","potentialAction":[{"@type":"SearchAction","target":{"@type":"EntryPoint","urlTemplate":"http:\/\/revendoparadigmas.com.br\/?s={search_term_string}"},"query-input":"required name=search_term_string"}],"inLanguage":"en-US"}]}},"_links":{"self":[{"href":"https:\/\/revendoparadigmas.com.br\/index.php?rest_route=\/wp\/v2\/pages\/848","targetHints":{"allow":["GET"]}}],"collection":[{"href":"https:\/\/revendoparadigmas.com.br\/index.php?rest_route=\/wp\/v2\/pages"}],"about":[{"href":"https:\/\/revendoparadigmas.com.br\/index.php?rest_route=\/wp\/v2\/types\/page"}],"author":[{"embeddable":true,"href":"https:\/\/revendoparadigmas.com.br\/index.php?rest_route=\/wp\/v2\/users\/1"}],"replies":[{"embeddable":true,"href":"https:\/\/revendoparadigmas.com.br\/index.php?rest_route=%2Fwp%2Fv2%2Fcomments&post=848"}],"version-history":[{"count":32,"href":"https:\/\/revendoparadigmas.com.br\/index.php?rest_route=\/wp\/v2\/pages\/848\/revisions"}],"predecessor-version":[{"id":885,"href":"https:\/\/revendoparadigmas.com.br\/index.php?rest_route=\/wp\/v2\/pages\/848\/revisions\/885"}],"wp:attachment":[{"href":"https:\/\/revendoparadigmas.com.br\/index.php?rest_route=%2Fwp%2Fv2%2Fmedia&parent=848"}],"curies":[{"name":"wp","href":"https:\/\/api.w.org\/{rel}","templated":true}]}}